Let d(j) = -j - 4. Let f(x) = -3*x - 12. Let z(v) = w*f(v) - 7*d(v). List the prime factors of z(6).
2, 5
Suppose 4*z + 5 = 17. Suppose -2*l - z*p + 59 = 0, 3*p - 2*p + 111 = 4*l. List the prime factors of l.
2, 7
Suppose 0*t = -2*t + 22. Let v = t - -7. List the prime factors of v.
2, 3
Suppose -4 = -2*c, 0*c = 4*n - 2*c - 344. What are the prime factors of n?
3, 29
Suppose -2*a = 3*i + 5, 3*a - 1 = -4*i - 8. What are the prime factors of (i - 5)*(1 + -2)?
2, 3
Suppose -a = -5*v + 125, -4*v = -v + 4*a - 98. Let w = v - 13. List the prime factors of w.
13
Suppose -3*z = m - 10, 0*z - 5*z + m + 14 = 0. Let j = -1 + z. Suppose -4*q + 8 = -j*q. List the prime factors of q.
2
Suppose -4*x - 4*h + 128 = 0, -5*x + 3*h - 36 = -164. What are the prime factors of x?
2, 7
Let y = -9 - -13. Suppose 0 = y*g + 9 - 29. Suppose -27 = -g*s + 2*s. What are the prime factors of s?
3
Let m(o) = 7*o**2 + 2*o + 1. Let i be m(-3). Let t = 86 - i. What are the prime factors of t?
2, 7
Suppose 3*h = -6, 5*x - 4*h = 527 + 1041. What are the prime factors of x?
2, 3, 13
Suppose 212 = -0*o + 4*o. What are the prime factors of o?
53
List the prime factors of -3 - (-10 + -1 - 4).
2, 3
Let t(o) = 4*o - 9. List the prime factors of t(11).
5, 7
Suppose -4*f + 8 = -0*f. List the prime factors of f - (-32 + 0 + 0).
2, 17
Let t = 26 - 17. List the prime factors of t.
3
Suppose -5*u - 5*p + 315 = 0, 3*u - 4*p = -p + 177. What are the prime factors of u?
61
Let b(a) = a**2 - 7*a - 7. Let g be b(8). Let l be (g - -1)*-1 - 10. List the prime factors of (l/10)/(4/(-40)).
2, 3
Let m be (64/2)/(6/3). Let p = 35 - m. List the prime factors of p.
19
Suppose 5*b = -v - 0*v - 6, 3*v - 16 = 2*b. Let p be 3/(30/v)*5. Suppose p = -5*w + 32. List the prime factors of w.
2, 3
Suppose 0*a + 3*a - 21 = 0. Let q(g) = 3*g. List the prime factors of q(a).
3, 7
Let d(l) = -l**3 + 5*l**2 - 4*l + 20. Let g(k) = -2*k**3 + 9*k**2 - 7*k + 41. Let t(s) = -7*d(s) + 4*g(s). What are the prime factors of t(0)?
2, 3
Suppose 0 = -p + 4 - 2. Suppose 52 = p*w - 2*o, 2*w + 3*w - 170 = -3*o. What are the prime factors of w?
31
Let y be (-7)/21 - 1/(-3). Suppose 5*t - 4*i = 130, y = 5*t + i - 2*i - 115. What are the prime factors of t?
2, 11
Suppose 0 = 5*u - 7 + 2. List the prime factors of -17*(-3)/(u + 2).
17
Suppose -3*s + 17 = -31. What are the prime factors of s?
2
Let l be (-1)/((4/(-6))/(-2)). Let j(h) be the second derivative of h**4/12 - h**3/6 - 5*h. What are the prime factors of j(l)?
2, 3
Suppose o = 5*o - 3*y + 78, 0 = y - 2. List the prime factors of o/21*(-2 + -12).
2, 3
Let z = 4 - 6. Let h be z/2*-2 + 1. Suppose -h*s = -19 + 4. List the prime factors of s.
5
Let i = 240 - 186. What are the prime factors of i?
2, 3
Let k be (-105)/(-20)*(-32)/(-6). Let l be k/3 + (-8)/(-12). Let a = 25 - l. List the prime factors of a.
3, 5
Let d = -94 - -52. Let w be 26*(-1)/(-2)*-5. Let v = d - w. What are the prime factors of v?
23
Let u(p) = -21*p - 1. Let g be u(-2). Let h = g - 29. List the prime factors of h.
2, 3
Let p be (4/(-6))/((-2)/(-18)). Let c = p - -8. List the prime factors of c.
2
Let r(i) = 4*i**2 + 9*i + 2. Let u(o) = 3*o**2 + 9*o + 1. Let d(m) = 2*r(m) - 3*u(m). What are the prime factors of d(-6)?
19
Let k(h) = -h - 1. Let j(l) = 2*l + 2. Let y(w) = -3*j(w) - 5*k(w). Let c = -15 - -8. List the prime factors of y(c).
2, 3
Let w(r) = r**3 - 5*r**2 - 12*r + 9. What are the prime factors of w(7)?
23
Let c(h) = h**3 + 11*h**2 - 14*h - 18. Let u be c(-12). Suppose -3*q = -u*q + 45. List the prime factors of q.
3, 5
Suppose 7*g = 6*g + 35. Let t be ((-39)/9)/(1/(-12)). Let p = t - g. What are the prime factors of p?
17
Let j(t) = -t - 13. Let l be j(-13). Suppose 0 = -4*o - o + 50. Suppose q + 4*z - o = l, -6 = z - 4*z. What are the prime factors of q?
2
Suppose 2*r - 10 = -4*m, 3*m + 4*r - 17 = -2. Suppose 0 = 3*o + o. What are the prime factors of (m + o)/((-2)/(-14))?
7
Let n = 153 + -82. List the prime factors of n.
71
Let g = 58 + -106. Let d = 67 + g. What are the prime factors of d?
19
Suppose -c + 4*m + 12 = -6*c, 3*c = 5*m + 15. List the prime factors of 3*16/3 + c.
2
Suppose 2*c - 46 = 4*k + c, -3*c = -2*k - 18. Let n = 4 - k. What are the prime factors of n?
2
Let r(n) = -n**2 - n + 13. Let u be r(0). Let c = 23 - u. Let l = 16 - c. What are the prime factors of l?
2, 3
Suppose -3*d - 11 - 7 = 0. Let m(n) = -n. List the prime factors of m(d).
2, 3
Let b(r) = -13*r + 4. Suppose 2*k - 8 = k - 2*m, 4*k = 2*m - 18. List the prime factors of b(k).
2, 3, 5
Let a = 34 - -6. List the prime factors of a.
2, 5
Let g(i) = 6*i - 3. Let a(m) = m**2 - 6*m + 2. Let w be a(6). List the prime factors of g(w).
3
Suppose -25*s + 20*s + 1155 = 0. List the prime factors of s.
3, 7, 11
Suppose -5*h - 3 + 18 = 0. Let k = 12 - h. What are the prime factors of k?
3
Let t be ((-9)/(-3) + -2)/(-1). Let j be ((-9)/(-6) + t)*8. Suppose -4*c = -2*b + 14, -3*c + 7 = j*b + 1. What are the prime factors of b?
3
What are the prime factors of (-703)/(-8) - (-3)/24?
2, 11
Let o(c) = -c**2 + 6*c + 1. Let a be o(5). Let x be 164/(-9) + a/27. List the prime factors of ((-5)/((-15)/x))/(-1).
2, 3
Let b be (-8)/(-20) + 53/5. Let k(y) = y - 5. Let d be k(b). What are the prime factors of (1 + d)/1 - 0?
7
Let f(t) = -t**3 - 7*t**2 - 8*t + 5. List the prime factors of f(-6).
17
Let u(n) = n**2 + 14*n + 3. List the prime factors of u(5).
2, 7
Suppose -5*t + 122 = 2*f, -3*f + 0*f + 193 = 5*t. Let u = f - 30. List the prime factors of u.
41
Let d(a) be the first derivative of -a**4/4 + 5*a**3/3 - a**2/2 - 2*a - 4. List the prime factors of d(3).
13
Let g(p) = p**3 - 6*p**2 + p - 18. What are the prime factors of g(8)?
2, 59
Suppose -2*z = -3*z - 48. Let x = z + 81. List the prime factors of x.
3, 11
Let z(v) = -2*v**3 - v**2 - v + 1. Let w be -3 - (-6 + 3 - -2). List the prime factors of z(w).
3, 5
Let s(w) = -6*w - 4. Suppose 3*g + 7 = -2. List the prime factors of s(g).
2, 7
Suppose 3 = 3*k - 0. Let w be (2 - k) + (1 - -1). Suppose -18 = -0*l - w*l. What are the prime factors of l?
2, 3
Suppose 3*n + 5*y - 787 = 0, -5*n = -4*y - 708 - 579. What are the prime factors of n?
7, 37
Let a(l) be the third derivative of 0 - 2*l**2 - 1/12*l**4 + 0*l + 1/6*l**3. List the prime factors of a(-2).
5
Suppose 7*n = 2*n - 10. Let i be (-1)/n + 2/4. What are the prime factors of i/2*8/2?
2
Suppose -43 = -a + 13. What are the prime factors of a?
2, 7
Suppose q - 24 - 12 = 0. What are the prime factors of q?
2, 3
Let i = 20 + -1. Suppose -5*x + i = -16. List the prime factors of x.
7
Let p(w) = 12*w - 20. What are the prime factors of p(9)?
2, 11
Suppose -5*i - 5665 + 1405 = 0. Let q be 2/(-7) - i/42. Let d = -4 + q. What are the prime factors of d?
2
Let n(v) = v - 2. Let f be n(2). Let d(r) = r + 11. What are the prime factors of d(f)?
11
Suppose 4*j + 3*k - 8 = 15, 0 = -j + 3*k - 13. Suppose -4*g - 12 = -5*d, -4*d + 20 = -0*g + j*g. What are the prime factors of d?
2
Suppose 0*k = -3*x + 3*k + 9, -15 = -5*x - k. Suppose 5*u - 15 = 4*a + a, -x*u = 4*a - 37. List the prime factors of u.
7
Let g = 11 - 9. Suppose -4*w - 6 = -26. Suppose w*d - 25 = -2*q, -7*q + 4*d + 13 = -g*q. List the prime factors of q.
5
Let l(k) = -k**2 - 4*k - 1. Let i be l(-3). Suppose i*x = x + 7. What are the prime factors of x?
7
Suppose -i + 1 = -0*i - 5*c, -4*i - c = -88. What are the prime factors of i?
3, 7
Suppose 7*w = 3*w + 524. What are the prime factors of w?
131
What are the prime factors of ((-3)/(-9))/((-1)/(-75))?
5
Let j = -2 - 0. Let y(o) = -4*o - 3. What are the prime factors of y(j)?
5
Let g(n) = n**3 + 11*n**2 - n - 6. Let t = -21 - -10. What are the prime factors of g(t)?
5
Suppose 9*b = 7*b + 16. List the prime factors of b.
2
What are the prime factors of (-1)/(((-18)/75)/6)?
5
Let j(a) be the second derivative of -3*a**5/10 - a**4/6 - a**3/2 - a**2/2 - a. List the prime factors of j(-2).
3, 5
Suppose 3*z + 3 = -5*g - 7, 13 = 3*g - 2*z. Let x be g/(-3 - -4)*23. Let h = -4 + x. List the prime factors of h.
19
Suppose 7*w + 2*t = 2*w + 133, -78 = -3*w - 3*t. List the prime factors of w.
3
Suppose -5*k + 18 = 3. Suppose -5*h + k*y + 166 = -0*y, 0 = -4*h + 5*y + 125. List the prime factors of h.
5, 7
Let p(c) = 2*c**3 - 4*c**2 + c - 2. Let a be p(3). Let